*1*138. Suppose 4*y - j = -d, 0*y + 3*d + 164 = 5*y. Suppose -5*n - 4*s = -46, -6*s + 2*s - y = -3*n. What are the prime factors of n?
2, 5
Suppose -4*p = -4*o - 144, -3*o - 26 = -4*p + 115. List the prime factors of p.
3, 11
Let q be -3*(-2)/3 + -10. List the prime factors of 8 + 4 + q - -19.
23
Let g = 59 - 13. Suppose -m = 3*m + 5*u - 293, -m + u + 62 = 0. Let j = m - g. What are the prime factors of j?
3, 7
Suppose 0 = 3*q - 4*w + 36, -q + 2*w + 54 = -4*q. Let t = q - -36. What are the prime factors of t?
2, 5
Suppose 0 = -13*u + 10*u + 126. What are the prime factors of u?
2, 3, 7
List the prime factors of ((-3)/(-1))/(87/5365).
5, 37
Let b = -39 + 72. List the prime factors of b.
3, 11
What are the prime factors of 4 - 0 - 292/(-2)?
2, 3, 5
Let c = 150 - -105. List the prime factors of c.
3, 5, 17
Suppose 4*a + 4*h = -8, 5*a + 0*h + 3*h + 8 = 0. Let k be (6/14)/((-2)/(-14)). Let y = k + a. What are the prime factors of y?
2
Suppose -1 + 17 = -h - 5*j, -h = 3*j + 10. What are the prime factors of (-1)/(h - 36/(-37))?
37
Let d(o) = 32*o - 17. Let y(i) = 11*i - 6. Let p(f) = -6*d(f) + 17*y(f). What are the prime factors of p(-2)?
2, 5
Suppose -3*i + 313 = -119. What are the prime factors of i?
2, 3
Let q(j) = -j**3 + 4*j**2 - 2*j. Let t be q(3). Let m be 2 + 5/(5/t). Suppose -m*d + 65 = 4*g, 2*d - 35 = -2*g - d. List the prime factors of g.
2, 5
Suppose 6*y = 3*y - 3*t + 150, y - t = 50. Suppose 0*v = 4*r + v - 65, -2*r = 4*v - y. List the prime factors of r.
3, 5
Suppose -721 = -9*o + 4*o + 2*a, -4*o + 3*a = -581. List the prime factors of o.
11, 13
Suppose -5*d = -2*m - 4*d + 72, 0 = 5*m - d - 186. What are the prime factors of m?
2, 19
Let z be (-12)/(-3 - 177/(-57)). Let g be (-10)/(-15)*z/(-4). Let d = -4 + g. What are the prime factors of d?
3, 5
Let i = -150 - -193. What are the prime factors of i?
43
Let t(w) = w**2 - w. Let x be t(3). Suppose 4*d - x - 10 = -2*b, -2*b + 3*d = -30. List the prime factors of b.
2, 3
Let n(k) be the first derivative of 11*k + 7/3*k**3 - 4*k**2 + 1/4*k**4 - 1. List the prime factors of n(-8).
11
Let y be ((-6)/(-4))/((-3)/4). Let q = y - 6. What are the prime factors of (-22)/(-4) - (-4)/q?
5
Suppose 0 = 5*q - 5*i - 12 + 2, 0 = -q - 5*i + 2. Let u be ((-1)/q)/((-2)/(-24)). Let z = u - -12. What are the prime factors of z?
2, 3
Let h = 0 + 0. Let j(t) = t + 17. Let f be j(-5). Suppose h*b + 4*b = f. What are the prime factors of b?
3
Let p(o) = -o**3 + 5*o**2 - 2*o - 1. Let j be p(4). Suppose -3*k = -j - 5. Suppose -w = k*u - 1, -104 = -4*w + 4*u - 0*u. List the prime factors of w.
3, 7
Let g(w) = -5*w + w - 4 - 2*w**2 + 3*w**2. Let y = -13 - -19. What are the prime factors of g(y)?
2
Suppose 0*u - 5*x - 63 = -2*u, u + 3*x - 4 = 0. What are the prime factors of u?
19
List the prime factors of (-13 - -220)*(0 + (3 - 2)).
3, 23
Let g = -9 + 5. Let t = 34 - 20. What are the prime factors of -2*1*t/g?
7
Suppose -3*o = -s - 436, -5*o + 724 = -4*s + s. Let a be o/9 + 2/(-9). Suppose -3*g - 3*i = -24, -4*i - 2 = -g + a. List the prime factors of g.
2, 5
Suppose -4*i = -141 - 103. What are the prime factors of i?
61
Let v(i) = 5*i**2 - 2*i + 1. Let k be v(1). Suppose 18 = 5*l - a, k*l - 7*a = -3*a + 24. List the prime factors of l.
3
Suppose -l = -2*l - 22. Let t be l*(-1 - 0/(-1)). What are the prime factors of (-4)/t + 456/88?
5
Let g be 0/5*2/(-4). Let z = 5 + g. Let n = z + 4. What are the prime factors of n?
3
Suppose 13*a = 11*a. Suppose 4*q - 5*q + 29 = a. What are the prime factors of q?
29
Let y(f) = -f + 7. Let g be y(6). Let t(j) = 4*j - g + 9*j**2 - 2 - 8*j**2 - 3*j. What are the prime factors of t(-5)?
17
Suppose -2*a + 52 = -0*a. Suppose -62 = -5*p - j, 2*p - 5*p + a = -5*j. What are the prime factors of p?
2, 3
Suppose -8*r + 384 = -160. What are the prime factors of r?
2, 17
Let s(r) = -2*r - 2 + r + 0. Let q be s(-7). Let y = q - -2. What are the prime factors of y?
7
Suppose -5 + 25 = -5*b. Suppose 3*d = -2*d. List the prime factors of 7*(-2 - b) + d.
2, 7
Suppose 5*k - 9 = 2*h, -2*k + 0*h + 3*h + 8 = 0. Let w(j) = 2*j**2 - 5*j + 3*j + 3*j - 1. List the prime factors of w(k).
2
Let p be 28/6 - 2/(-6). Suppose p*y - 91 = -4*a, -2*y + 16 + 22 = 2*a. What are the prime factors of y?
3, 5
Suppose 0 = 3*t + 2*a - 2 - 15, 5*a = -2*t + 26. What are the prime factors of t?
3
Let s = 9 - 9. Suppose 31 = -s*a + a. List the prime factors of a.
31
Let l(p) be the third derivative of p**5/120 + p**4/8 + p**3/6 + p**2. Let i(d) be the first derivative of l(d). List the prime factors of i(5).
2
Let g(v) = 12*v. Let l be g(1). Let a be ((-6)/(-4))/(l/64). List the prime factors of a + 0 + 7/7.
3
Suppose 210 = -2*a + 7*a. List the prime factors of a.
2, 3, 7
Let i be 4 + (2 - (-2 + 3)). Suppose -i*x - 4 = -p, 12 = 3*p - 0*x + 2*x. List the prime factors of p.
2
Let p(g) = 6 + g + g - 5. What are the prime factors of p(3)?
7
Let q = -5 + 11. Let l = 33 - q. What are the prime factors of l?
3
Let d be (-6)/(1*6/(-3)). Suppose v + 3*w - 127 = -d*v, -2*v = -2*w - 60. What are the prime factors of v?
31
Suppose 0 = 2*r - 5*y - 9 - 49, -3*y - 29 = -r. List the prime factors of r.
29
Let j = -1 - -196. List the prime factors of j.
3, 5, 13
Suppose 0*g + 410 = 5*g. Suppose -4*n - 5*f + g = -53, -117 = -4*n + f. List the prime factors of n.
2, 3, 5
Suppose 25 = 8*p - 7*p. List the prime factors of p.
5
Let g(q) = -2*q**2 - 3*q - 5. Let o = 1 - 8. Let n(c) = 3*c**2 + 6*c + 9. Let j(y) = o*g(y) - 4*n(y). What are the prime factors of j(-2)?
13
Let s = -32 - -80. List the prime factors of s.
2, 3
Suppose -3*b + 124 = -5*q, b - 2*q + 45 = 2*b. What are the prime factors of b?
43
Let d = -7 + 12. Suppose 2*w - w + 4*k = 0, 44 = 4*w + d*k. What are the prime factors of w?
2
Let s(d) = d**3 - 3*d**2 + 2*d - 3. Let k be s(2). Let f be (-3)/6 - (-38)/4. Let y = k + f. List the prime factors of y.
2, 3
Let p be -2 + -3 - (0 - 0). Let u be 1/p - 52/(-10). Suppose 54 = u*q + 4. List the prime factors of q.
2, 5
Let s(u) = u**2 - 2*u - 6. Let v be s(-6). Suppose 0 = -5*b + 18 + v. What are the prime factors of b?
2, 3
Suppose 4*l - 7*l + 812 = 5*r, 4*r - 660 = -5*l. Suppose 0*u - 5*u = -r. Let a = u - 19. List the prime factors of a.
13
Let z(h) = 4*h**3 + 2*h**2 - 2*h. Let s be z(2). Suppose -4*g - 5*y + 15 = -s, 5*g - 3*y - 36 = 0. Suppose 2*x = -x + g. List the prime factors of x.
3
Let x(f) = -f**2 + 7*f + 8. Let k be x(8). Suppose k*m - 2*m = -4. Suppose 8 = m*o - 4. What are the prime factors of o?
2, 3
Let w(k) = -109*k - 2. What are the prime factors of w(-1)?
107
Let p = 1 + 7. Let b be (-1)/2 + (-44)/p. Let a = -3 - b. What are the prime factors of a?
3
Let a be -1 + -2 + 2 - -4. Suppose -u + 2*l + a = -0*l, 4*u = -4*l + 72. List the prime factors of u.
13
Let n(z) = 3*z - 2. Let p be n(2). Let m = p - -14. Let l = 32 - m. What are the prime factors of l?
2, 7
Let z(i) = -2*i - 8 + 0*i + 10 - i. What are the prime factors of z(-2)?
2
Let k = -10 + 7. Let z(b) = -2*b - 2. Let y be z(k). Suppose 4*s - 68 = 2*n, 0 = y*s + s - 2*n - 87. List the prime factors of s.
19
Let v = 134 - 68. List the prime factors of v.
2, 3, 11
Let m(c) = -2*c + 2. Let f be m(5). Let r = 41 + f. What are the prime factors of r?
3, 11
Let v = -69 + 103. List the prime factors of v.
2, 17
Suppose -4*v + 1 + 3 = 0. Let c = 1 + v. What are the prime factors of c?
2
Let h(t) = 0*t + 3 + t - 2*t + 6*t + t**2. What are the prime factors of h(-7)?
17
Let h be 2/(-7) - (-12204)/84. Suppose 7*a - h = 2*a. List the prime factors of a.
29
Let b be (2 + 1)/(2/4). Suppose q = b*q - 35. What are the prime factors of q?
7
Let i be 1/(-2 + 6/2). Let x be (i/(-2))/(4/(-8)). List the prime factors of 2/((-2)/x) + 19.
2, 3
Suppose 0 = -3*y - y. Let k be (132/9)/((-3)/(-9)). Suppose 0 = -3*l + 4*a + k, y*l + l = 5*a + 33. List the prime factors of l.
2
Suppose 3*n - 2 = 106. Let f = -16 + n. What are the prime factors of f?
2, 5
Suppose 5*a + 17 = -4*j - 0*a, -2*j - 2*a = 6. Suppose 74 = 5*h - 4*r, 4*h = 3*h - j*r + 26. What are the prime factors of h?
2, 3
Suppose -202 + 30 = 4*q. Let w = -23 - q. Suppose -85 + w = -5*c. What are the prime factors of c?
13
Suppose 3*z + 2 = 2*m, 4 = -0*z + 4*z - m. Let g(k) = 5*k**2 - 4*k - 6*k**2 + z*k**2 + 4. List the prime fa